 + 5. Let w be x(17). Let p = w + 8. What is the units digit of p?
3
Let k = -5 - -7. Suppose 3*m + k = -34. What is the units digit of 16/3 + 4/m?
5
Suppose -5*y = -2*b - 471, -5*y + 253 = -4*b - 224. What is the units digit of y?
3
Let c = 11 + -7. Suppose 4*u + 0*u - c = 0. What is the units digit of u?
1
Suppose -2*s + 0 = 3*g + 1, 0 = -2*g - 5*s - 19. Suppose 3*i - 4*i + 31 = -2*v, -g*v - 124 = -4*i. Suppose 5*c = i + 19. What is the units digit of c?
0
Suppose -4*p = -91 + 23. Let o = p - 5. What is the tens digit of o?
1
Suppose -5*y + y = -12. Let f be ((-2)/(-4))/((-1)/(-4)). Suppose -f*c - c = -y. What is the units digit of c?
1
Let v(l) = 3*l - 7. Let a(c) = -9*c + 20. Let i(g) = -6*a(g) - 17*v(g). Let u be (10 - (-4)/(-2))/2. What is the units digit of i(u)?
1
Let m = 7 - 5. Let w = -5 + 9. What is the units digit of m/(-4) + 30/w?
7
Let t(p) be the first derivative of p**4/4 + p**3/3 + p + 1. Let c be t(-2). What is the units digit of (6/3 + c)*-3?
3
Let a(y) = 2*y - 13 + y - y. What is the units digit of a(17)?
1
Let y(d) = -15*d. What is the units digit of y(-2)?
0
Let m be 18/(-5)*(-5)/2. Let l = m - 5. What is the units digit of l?
4
Suppose 4*x + 102 = 6*x. What is the units digit of x?
1
Let b be 1*((-2)/(-1) + 13). Suppose 0 = 2*o - 3 - 1. Suppose z + o*z = b. What is the units digit of z?
5
Let q = 8 + -16. Let l(f) = -f**3 - 7*f**2 + 8*f + 2. Let b be l(q). Suppose 3*s = b*s + 12. What is the units digit of s?
2
Let d(a) be the second derivative of -a**3/2 - 3*a**2/2 - 3*a. What is the units digit of d(-4)?
9
Suppose 3*t - 5*c + 4 = 22, 0 = -2*t + 4*c + 12. Suppose 1 = -2*y - 5*x + 5, -4*x = 2*y. What is the units digit of (t/8)/((-2)/y)?
3
Let x(t) = 35*t + 9. What is the hundreds digit of x(6)?
2
Let z = -118 - -192. What is the units digit of z?
4
Suppose 9 = 5*b + 4*j - 17, -4*b - 5*j = -28. Let m be 7/b*4/7. Suppose m*l = 4*c, 2*l + 2*c - 5*c = 2. What is the units digit of l?
4
Suppose -c = p - 11, 2*p + 3*c + 47 = 4*p. What is the tens digit of p?
1
What is the tens digit of (-460)/(-3) + (-44)/(-66)?
5
Suppose 0 = -2*v - 0*t - 2*t - 12, -4*v + t = 29. Let f = -4 - v. Suppose -2*y - 18 = -p, -3*y = -2*p - f*p + 69. What is the units digit of p?
2
Let i(a) = 2*a - 4. Let l = -15 + 21. Let c be i(l). Let k = -4 + c. What is the units digit of k?
4
Suppose -4*b + 401 = g, 108 - 507 = -4*b + g. Let r = -42 + b. What is the tens digit of r?
5
Suppose -5 = -3*d + 2*w, w + 3 = 2*d - 1. Suppose -7 = -2*a - d, -5*h = 2*a - 24. What is the units digit of h?
4
Suppose -1 = -o - 0. What is the units digit of -2 - 7/o*-1?
5
Let z = -9 - 9. Let a = 33 + z. What is the units digit of a?
5
Suppose 0 = 3*z + 3, -5*z - 4 = 4*p + 5. Let q = -38 - -24. Let l = p - q. What is the tens digit of l?
1
Suppose 5*h - 3 - 9 = -3*r, -3*r = -2*h + 9. Suppose 2*c + 27 = -0*o + o, 0 = -4*o - h*c + 64. Suppose -o = -2*f - 1. What is the units digit of f?
9
What is the units digit of (1*(1 + -11))/(-2 + 0)?
5
Suppose 3*j = 5*q - 12 - 0, j + 4 = 0. Suppose q*t - 14 = -2*t. What is the units digit of t?
7
What is the units digit of (2/1)/(4/8)?
4
What is the units digit of (3 - 1)*636/24?
3
Let u be 3 - (4 - 1) - 4. Let y(x) = 3*x**2 + 2*x + 1. What is the units digit of y(u)?
1
Let l = -18 - 10. Let k = -10 - l. What is the units digit of k?
8
Let w = 8 - 17. Let a(j) = -j + 2. What is the units digit of a(w)?
1
Let h(l) = l**3 + 6*l**2 - 2*l + 3. What is the units digit of h(-6)?
5
Let m(g) = -g**3 - g**2 + 375. What is the tens digit of m(0)?
7
Let t = -2 + -4. Let r = 11 + t. Suppose 0 = -2*k + 6*k + 4*v - 12, -2*k + r*v = -41. What is the units digit of k?
8
Let y = -3 - -5. Suppose 3*c - 12 = 4*w, 2*c = -w - y*w + 8. Let h = c + 4. What is the units digit of h?
8
Suppose 3*h - i - 16 = 0, 0*h + 4*i - 38 = -5*h. Suppose o + 45 = h*o. What is the units digit of o?
9
Let p(k) = 2*k**2 - 12*k - 12. What is the units digit of p(10)?
8
Let z(q) = -q**3 + 11*q**2 + 9*q + 2. What is the hundreds digit of z(7)?
2
Let k = -21 + 40. Let f = 40 - k. What is the tens digit of f?
2
Let p = 58 + 11. What is the tens digit of p?
6
Let q be 2/(1 + -2 - 1). Let d = q + 1. Suppose 0 = -2*v, 2*b - 5*v = -d*b + 10. What is the units digit of b?
5
Let g be (-4)/(-1) - (-7)/(-7). Let d(z) = z**3 - 4*z**2 + 3*z + 2. Let v be d(g). Suppose 3*k + 2*h - 49 = 0, v = h + 6. What is the units digit of k?
9
Let t(x) = x**3 + 8*x**2 + 7*x + 2. Let h be t(-7). Let r = h - 1. What is the units digit of r?
1
Let p be (-3)/(-9) - 16/(-6). What is the units digit of -6*((-1)/p - 1)?
8
Let f = 4 + -1. Let h(z) = z**3 - z**2 - z - 1. What is the units digit of h(f)?
4
Let o(a) = -a**3 - 3*a**2 + 3*a - 1. Suppose 2*g = -g, -v = g + 4. Let y be o(v). Suppose 0 = y*d - 5 - 34. What is the tens digit of d?
1
Let d(h) = -h + 6. Let c be d(0). Suppose -7*i + c*i = -22. What is the units digit of i?
2
Let r(v) = v**3 + 2*v**3 + 1 + 0 - 2*v. Let d(a) = a**2 + a + 1. Let o be d(0). What is the units digit of r(o)?
2
Let r = 99 + -2. What is the tens digit of r?
9
Let x = -5 + 2. Let k = -9 + 19. Let h = x + k. What is the units digit of h?
7
Let b(u) = 3*u - 6 + 3 + 4 + 1. What is the units digit of b(1)?
5
Let i = 159 - 327. What is the tens digit of (i/9)/(8/(-12))?
2
Let v be ((-18)/12)/(3/20). Let w be (-18)/v - 1/(-5). Let m = 6 + w. What is the units digit of m?
8
Let g(h) = 2*h - 3. Let d be g(7). Let y = d - 7. Suppose 13 - 1 = y*i. What is the units digit of i?
3
Let r = 132 + -90. Suppose 12 = -5*i + r. What is the units digit of i?
6
What is the tens digit of (1/3)/((1/(-807))/(-1))?
6
Let h(u) = u - 1. Let o be h(2). Let s be (-9)/6*50/(-15). Suppose -c - 2*k - o = -3, 0 = -s*c + 5*k + 40. What is the units digit of c?
6
Suppose -2*b = 5*z, 5*z - 15 = -2*b + 3*b. Suppose -z*f - 10 = -h + 11, 4*f - 63 = -3*h. What is the tens digit of h?
2
Suppose -3*l + 2*j + 173 = 0, -3*l - 5*j + 153 = -13. What is the units digit of l?
7
Suppose 3*d = 12*y - 7*y + 7, 3*y = -5*d + 23. What is the units digit of y?
1
What is the units digit of -16*(57/(-6) + 4)?
8
Suppose 4*t - 9 = 5*r - 45, 2*r + 3*t = -4. Suppose 4 + r = 4*l. Suppose 0 = -2*f - 4*y + 28, -l*f + f + 2*y = -18. What is the tens digit of f?
1
Let i(g) = g**2 + 7*g + 9. What is the tens digit of i(-9)?
2
Let p be (14/4)/(1/2). Let m be 1/((-24)/9 - -3). Suppose p = -m*l + 22. What is the units digit of l?
5
Suppose 0*q + 6 = 2*q. Let m be (-4)/(-10) + 38/5. Suppose 2 = -q*r + m. What is the units digit of r?
2
Let b be 203/63 - (-2)/(-9). Suppose -15 = -b*o, 8*o - 16 = v + 3*o. Let x = 16 - v. What is the units digit of x?
7
Suppose 1 + 9 = 5*p. Suppose -p*j + 6*j = 20. What is the units digit of 92/j + 2/(-5)?
8
What is the tens digit of 13195/117 - 4/(-18)?
1
Let x(n) = n + 3*n - n + 5 - 2*n. What is the units digit of x(-3)?
2
What is the tens digit of -10*4/(16/(-6))?
1
Suppose 3*p + 387 = 6*p - 3*c, -2*p + 264 = c. What is the tens digit of p?
3
Let u be (3 + 3/6)*2. Suppose -5*x - 16 = 3*b - u, 3*b - x = 9. What is the units digit of b?
2
Let y = -7 + 12. What is the units digit of y?
5
Let u(a) = -3 - 6*a - 3*a - 3*a + 4. What is the tens digit of u(-4)?
4
Let v = 2 + -3. Let n = 3 - v. Suppose 13 + 7 = n*b. What is the units digit of b?
5
Let d be 8*(9/6 + -1). Suppose 9 = d*a - 3. Suppose 0 = a*g - 3 - 9. What is the units digit of g?
4
Suppose 2*t + 184 = 6*t. Suppose -4*a + t = -18. What is the tens digit of a?
1
Let z be ((-6)/(-2) - 2)/(-1). Suppose 2*w + 2*w + 4 = 0, -3*x + 5*w + 2 = 0. What is the units digit of x/(z/(8 - -3))?
1
Let k be 21/(-1)*(-1)/3. Let c = k - -8. Let a = 7 + c. What is the units digit of a?
2
Let q(g) = g**2 - 5*g + 1. Suppose c + 18 = -4*t, 2 = 5*c + t - 3. Let z be (0 - 5/c)*-2. What is the units digit of q(z)?
1
Suppose 0 = z - 4*p - 51, -z + 219 = 4*z - 2*p. What is the tens digit of z?
4
Let l be 1*3 + (-2 - -2). Suppose -37 = -5*j - 3*o, 2*o - 5 = 3*j - l*o. Suppose -j = -t - 2. What is the units digit of t?
3
Suppose 41*z + 210 = 44*z. What is the tens digit of z?
7
Let v = -49 + 107. What is the tens digit of v?
5
Suppose -8*a + 1520 + 928 = 0. What is the tens digit of a?
0
Suppose 0 = -0*f - 2*f. Let q = 18 - f. Let a = 27 - q. What is the units digit of a?
9
Suppose -5*i + 5*j